s the ten thousands digit of 1114792?
1
What is the thousands digit of 9129016?
9
What is the hundred thousands digit of 1330201?
3
What is the hundreds digit of 155355?
3
What is the units digit of 333566?
6
What is the hundred thousands digit of 616472?
6
What is the units digit of 29517435?
5
What is the ten thousands digit of 653618?
5
What is the thousands digit of 15893908?
3
What is the thousands digit of 726150?
6
What is the thousands digit of 4485813?
5
What is the tens digit of 2180552?
5
What is the hundreds digit of 2989690?
6
What is the tens digit of 191226?
2
What is the hundreds digit of 2528138?
1
What is the thousands digit of 10097021?
7
What is the hundred thousands digit of 27828379?
8
What is the hundred thousands digit of 237569?
2
What is the units digit of 376174?
4
What is the hundreds digit of 598205?
2
What is the units digit of 8627381?
1
What is the ten millions digit of 23154640?
2
What is the ten thousands digit of 60940?
6
What is the hundred thousands digit of 3244733?
2
What is the hundreds digit of 4150411?
4
What is the ten thousands digit of 303946?
0
What is the tens digit of 404703?
0
What is the units digit of 440330?
0
What is the tens digit of 8671033?
3
What is the units digit of 3699129?
9
What is the millions digit of 2630623?
2
What is the ten thousands digit of 274950?
7
What is the ten thousands digit of 7623567?
2
What is the tens digit of 2913468?
6
What is the hundred thousands digit of 153368?
1
What is the tens digit of 7921354?
5
What is the hundred thousands digit of 878727?
8
What is the hundred thousands digit of 7138055?
1
What is the hundreds digit of 234330?
3
What is the hundred thousands digit of 210930?
2
What is the units digit of 472160?
0
What is the ten thousands digit of 129494?
2
What is the hundred thousands digit of 206975?
2
What is the hundred thousands digit of 383612?
3
What is the units digit of 242796?
6
What is the hundreds digit of 2642967?
9
What is the tens digit of 1005480?
8
What is the thousands digit of 1744103?
4
What is the hundred thousands digit of 4830047?
8
What is the thousands digit of 1258615?
8
What is the tens digit of 865155?
5
What is the hundred thousands digit of 10340075?
3
What is the hundred thousands digit of 185839?
1
What is the ten thousands digit of 12860331?
6
What is the thousands digit of 102744?
2
What is the hundreds digit of 47101?
1
What is the millions digit of 1190477?
1
What is the hundred thousands digit of 333228?
3
What is the hundred thousands digit of 916470?
9
What is the ten millions digit of 10971847?
1
What is the hundreds digit of 6664455?
4
What is the tens digit of 123562?
6
What is the units digit of 65569?
9
What is the ten thousands digit of 32477877?
7
What is the millions digit of 9432620?
9
What is the thousands digit of 24429823?
9
What is the hundreds digit of 194299?
2
What is the hundreds digit of 940291?
2
What is the thousands digit of 1986295?
6
What is the ten thousands digit of 10233078?
3
What is the units digit of 243219?
9
What is the thousands digit of 119917?
9
What is the units digit of 12540348?
8
What is the thousands digit of 4712470?
2
What is the millions digit of 1402120?
1
What is the thousands digit of 799220?
9
What is the millions digit of 2503350?
2
What is the tens digit of 189677?
7
What is the hundreds digit of 301608?
6
What is the hundred thousands digit of 103774?
1
What is the thousands digit of 2045474?
5
What is the tens digit of 162390?
9
What is the millions digit of 2017127?
2
What is the ten thousands digit of 3182970?
8
What is the thousands digit of 219405?
9
What is the hundreds digit of 3199315?
3
What is the hundreds digit of 637417?
4
What is the units digit of 117924?
4
What is the hundreds digit of 1801754?
7
What is the tens digit of 2208948?
4
What is the thousands digit of 33942058?
2
What is the units digit of 151010?
0
What is the tens digit of 32891446?
4
What is the hundreds digit of 42754?
7
What is the thousands digit of 434406?
4
What is the ten thousands digit of 2461349?
6
What is the ten thousands digit of 751241?
5
What is the millions digit of 4827890?
4
What is the thousands digit of 176068?
6
What is the hundred thousands digit of 2136305?
1
What is the ten thousands digit of 18064?
1
What is the hundred thousands digit of 2578665?
5
What is the thousands digit of 1103212?
3
What is the tens digit of 452485?
8
What is the hundreds digit of 44217?
2
What is the ten thousands digit of 744077?
4
What is the hundreds digit of 3743693?
6
What is the hundreds digit of 14874723?
7
What is the thousands digit of 174570?
4
What is the ten thousands digit of 4529664?
2
What is the units digit of 1292237?
7
What is the hundreds digit of 221589?
5
What is the thousands digit of 5533275?
3
What is the tens digit of 2106311?
1
What is the hundred thousands digit of 9844427?
8
What is the ten thousands digit of 219390?
1
What is the units digit of 6529273?
3
What is the thousands digit of 182323?
2
What is the hundreds digit of 3198316?
3
What is the hundreds digit of 1743158?
1
What is the tens digit of 8238272?
7
What is the ten thousands digit of 8699188?
9
What is the tens digit of 857152?
5
What is the thousands digit of 24295100?
5
What is the units digit of 11669086?
6
What is the millions digit of 6814846?
6
What is the hundreds digit of 490578?
5
What is the units digit of 459342?
2
What is the hundred thousands digit of 7092631?
0
What is the ten thousands digit of 87560?
8
What is the units digit of 11045772?
2
What is the ten thousands digit of 1543975?
4
What is the hundred thousands digit of 3739770?
7
What is the units digit of 142689?
9
What is the hundred thousands digit of 5079180?
0
What is the hundreds digit of 5118734?
7
What is the hundred thousands digit of 336956?
3
What is the ten thousands digit of 6599864?
9
What is the hundreds digit of 3229297?
2
What is the ten thousands digit of 1299293?
9
What is the hundreds digit of 137910?
9
What is the millions digit of 2162079?
2
What is the tens digit of 4156?
5
What is the hundred thousands digit of 393023?
3
What is the thousands digit of 857875?
7
What is the millions digit of 1030077?
1
What is the ten thousands digit of 18810137?
1
What is the ten thousands digit of 100014?
0
What is the tens digit of 556585?
8
What is the thousands digit of 48730?
8
What is the ten thousands digit of 156714?
5
What is the hundred thousands digit of 1157730?
1
What is the ten millions digit of 16764422?
1
What is the hundreds digit of 3638913?
9
What is the tens digit of 130867?
6
What is the millions digit of 9774005?
9
What is the ten thousands digit of 470027?
7
What is the hundreds digit of 5716611?
6
What is the millions digit of 6687650?
6
What is the hundreds digit of 219455?
4
What is the hundred thousands digit of 948811?
9
What is the thousands digit of 221041?
1
What is the ten thousands digit of 20871?
2
What is the hundred thousands digit of 1328465?
3
What is the ten thousands digit of 304820?
0
What is the hundred thousands digit of 115103?
1
What is the ten millions digit of 15003041?
1
What is the thousands digit of 10629285?
9
What is the ten thousands digit of 400621?
0
What is the ten thousands digit of 6991527?
9
What is the hundreds digit of 8703386?
3
What is the units digit of 1504846?
6
What is the hundreds digit of 59949?
9
What is the hundreds digit of 13508229?
2
What is the ten thousands digit of 166179?
6
What is the hundreds digit of 716622?
6
What is the hundreds digit of 916754?
7
What is the thousands digit of 1814825?
4
What is the ten thousands digit of 3785123?
8
What is the ten thousands digit of 105681?
0
What is the hundred thousands digit of 149833?
1
What is the hundreds digit of 408054?
0
What is the hundred thousands digit of 497858?
4
What is the thousands digit of 45012?
5
What is the ten thousands digit of 2346364?
4
What is the hundreds digit of 161995?
9
What is the hundreds digit of 17752850?
8
What is the hundred thousands digit of 17259397?
2
What is the hundreds digit of 4814?
8
What is the ten thousands digit of 1471398?
7
What is the ten thousands digit of 29902?
2
What is the thousands digit of 582846?
2
What is the ten thousands digit of 21